= 3*z**2 + 3*z + 1. Suppose -34 = 5*d + 2*g, d - 4*g = -d - 4. Let o be t(d). What is the highest common divisor of 13 and o?
13
Suppose 5*v + 98 = 6*v. Let o(c) = 6*c**2 + 2*c. Let a be o(2). Suppose -9*b + 7*b = -a. Calculate the highest common divisor of b and v.
14
Let d = -147 + 150. What is the greatest common factor of d and 24?
3
Let x = 10 - -6. What is the highest common divisor of 32 and x?
16
Let x = 2 + 0. Suppose 4*r - x*r = 20. What is the highest common factor of r and 30?
10
Suppose 3*k = -41 + 8. Let h be -17 - 0 - 1/(-1). Let p = k - h. Calculate the greatest common divisor of p and 45.
5
Suppose -3*b + 37 + 23 = 0. What is the greatest common factor of 10 and b?
10
Suppose -6*n + 4 = -4*n. Let k be (-12 - (-1 + n))/(-1). Calculate the highest common divisor of k and 143.
13
Let i(h) = h**3 - 2*h**2 - 5*h + 6. Let p be 12/10*50/15. Let l be i(p). What is the greatest common divisor of l and 198?
18
Let h(z) = -z + 10. Let o be h(12). Let v be 54 + -3 - (1 + o). Calculate the highest common divisor of v and 26.
26
Let t be 1 + -1 - (-136)/2. Let u be (-5)/1*(-8)/2. Suppose -5*z + u = 3*i - 6, -i - 2*z + 7 = 0. Calculate the highest common factor of t and i.
17
Let g = 28 - 24. Calculate the greatest common factor of 16 and g.
4
Suppose 5*j - 50 - 190 = 0. Suppose 3*g + 7 = 25. Calculate the highest common divisor of j and g.
6
Suppose 4597 = 17*i - 605. What is the highest common factor of i and 34?
34
Let w(l) = -l**2 - 11*l - 10. Let d be w(-5). Calculate the greatest common divisor of d and 160.
20
Let p = -2 + 7. Suppose p*z - 2*v - 15 = 2*v, -v = 0. What is the highest common divisor of 2 and z?
1
Let u(q) = 151*q - 1. Let s be u(1). What is the highest common divisor of s and 30?
30
Suppose 2*s + c - 25 + 2 = 0, 0 = 3*s - c - 47. Suppose 0 = i + i - s. Let v(u) = 7*u. Let z be v(2). What is the highest common factor of i and z?
7
Let h(f) = 5*f + 10 - 2 + 2*f + f. Let x be h(5). Calculate the highest common divisor of 6 and x.
6
Let d = -71 - -79. What is the greatest common factor of d and 24?
8
Let l = 75 + 85. What is the highest common factor of l and 20?
20
Suppose -p + 80 + 145 = 0. Let x be (p/(-6))/(-3)*2. Let z = 31 - 21. What is the highest common divisor of x and z?
5
Suppose 0 = -8*s + 3 + 93. What is the highest common divisor of 18 and s?
6
Let p be 10/6*33 + 0. Calculate the greatest common divisor of p and 5.
5
Let k(i) = i**3 - 6*i**2 + i. Let g(t) = 3*t**2 - 2*t - 2. Let a be g(2). Let x be k(a). What is the greatest common divisor of 42 and x?
6
Suppose 6 - 1 = -5*z. Let b(h) = 9*h**2 + 2*h + 1. Let s be b(z). Suppose -p = 2*p - 4*g - 6, 0 = 2*g. What is the greatest common divisor of p and s?
2
Suppose 5*r - 2*r + 6 = 0. Let p be r/(16/(-10))*8. Calculate the highest common factor of 20 and p.
10
Suppose -d - j = -5, d + 3*j = 5 + 4. Suppose d*n + 242 = n. Let b = -53 - n. What is the greatest common factor of b and 17?
17
Suppose 3*r + r - 2*c - 320 = 0, 3*r + c - 240 = 0. Let o be 3/(-9) + r/6. What is the greatest common factor of 26 and o?
13
Suppose 4*c = c. Suppose -2*t = -c*t. Suppose 2*d = -3*v + 7 + 3, -5*d - v + 12 = t. What is the greatest common factor of 2 and d?
2
Let t = 156 + -36. What is the highest common divisor of t and 15?
15
Let p(x) = x**3 + 9*x**2 + 2*x - 5. Let z be p(-6). What is the highest common factor of z and 13?
13
Let t = 12 + -6. Suppose 0 = -t*w + w + 25. Calculate the greatest common divisor of 25 and w.
5
Let w be (0 - -1)/((-2)/8). Let x be 15/12 + 1/w. Let b = -11 - -18. What is the greatest common factor of x and b?
1
Let u = 9 + 6. Suppose 219 = 3*a - 2*h, 3*h - 7*h = -12. What is the highest common divisor of u and a?
15
Let q(m) = m**2 - 6. Let c be q(0). Let h(b) = -b**2 - 6*b + 5. Let d be h(c). Suppose -i - 3 + 5 = 0. Calculate the greatest common divisor of i and d.
1
Let u(g) = 2 + g**2 - g**2 + g**2 - 4. Let m be u(2). What is the greatest common divisor of m and 8?
2
Let o(m) = -m**2 - m + 153. Let v be o(0). Let u be -31*(1 - 4)/3. Suppose 1 = -n, y + 3*n - u = -y. What is the highest common factor of v and y?
17
Let x(d) = 9*d + 3. Let f be x(-3). Let s be (-20)/(-8)*f/(-10). Let i be 44/6 - (-4)/s. Calculate the greatest common factor of 72 and i.
8
Suppose 7*q - 2*q + 11 = 2*c, -q = c - 2. Let i be 2 - (0 - (0 + 2)). Let y be ((-27)/c)/((-6)/i). Calculate the greatest common divisor of 6 and y.
6
Let w be 66/3 + 2 + -4. Let x(d) = -d**2 - 7*d - 5. Let h be x(-5). Suppose -w = -h*l + l. What is the highest common factor of l and 45?
5
Suppose -4*d - 111 = -411. Let v = -37 + 67. What is the greatest common factor of v and d?
15
Suppose 357 = -100*f + 103*f. What is the highest common factor of f and 7?
7
Suppose 4*v - 4 + 0 = -5*g, v = -g. Let q = 9 - g. Calculate the highest common factor of q and 45.
5
Suppose 4*n = -3*a + 191, 2*a - 90 = -2*n + 4. What is the greatest common factor of n and 20?
10
Let f(w) = 4*w + 13. Let q = -13 - -4. Let c be f(q). Let k = -12 - c. What is the highest common divisor of k and 55?
11
Suppose 0 = 2*w - 6, 4*b - 58 = 2*w - 8. Calculate the greatest common factor of 7 and b.
7
Let u(b) = -b**2 - 7*b - 6. Let x be u(-6). Suppose s - 4*s + 42 = x. What is the highest common factor of s and 112?
14
Let c(o) = -117*o. Let a = -3 - -2. Let h be c(a). Let y(z) = -z + 1. Let t be y(-12). Calculate the highest common divisor of h and t.
13
Suppose -3*g = 2*w + g, 5*w - 5*g - 75 = 0. Suppose 4*y = 4*l, 5*l + y - 4*y - 2 = 0. Let k = l + w. Calculate the highest common divisor of k and 99.
11
Let r be (-3 - -1)*(1 + -2). Suppose 0*w - r*w = 0. Suppose -m - 2*m + 33 = w. What is the greatest common factor of m and 77?
11
Let v be (-1 + -1 + 3)*1. Calculate the greatest common factor of 8 and v.
1
Let c(q) = q + 88. Let u be c(11). What is the highest common divisor of 22 and u?
11
Let y(v) be the first derivative of 0*v + 2 + 1/2*v**2. Let a be y(6). What is the greatest common divisor of a and 60?
6
Let a(t) = -24*t + 3. Let l be a(-6). Let s(j) = 20*j**2 + 3*j - 2. Let y be s(1). What is the greatest common factor of y and l?
21
Let r = -5 - -9. Suppose -2*h - 8 = -r*h. Suppose 0 = 3*c - 2*c - 32. Calculate the highest common factor of c and h.
4
Let k(x) = -x**3 + 5*x**2 + x - 3. Let p be k(5). Suppose -p*h + 72 = h. Calculate the highest common factor of 48 and h.
24
Let v be 1*(-2 - -1) + 15. Let w(p) = 6*p + 14. Let l be w(7). What is the greatest common factor of v and l?
14
Let c be (-8)/(-12) - 4/6. Let p be c + 1 - (10 + -4). Let r(n) = n**3 + 7*n**2 + 2. Let t be r(p). What is the greatest common divisor of t and 13?
13
Suppose -3*v = 166 - 322. What is the highest common divisor of v and 4?
4
Let y be 356/10 - (-3)/(-5). Suppose -5*h = 5*f + 5 + 35, 5*f = 5*h. Let q be (5/(-2))/(2/h). What is the highest common divisor of y and q?
5
Let k(s) = 3*s**3 + 2*s + 4. Let n be k(4). What is the greatest common factor of n and 51?
51
Let g(q) = 1 - 2*q - 2*q**2 + 2*q**2 + 3*q**2. Suppose 2*f - 4*f + 8 = 2*c, 5*f - 2 = 4*c. Let j be g(c). Calculate the greatest common factor of j and 3.
3
Let z(o) = 4*o**3 - o**2 + o + 1. Let d be z(1). Calculate the highest common factor of 5 and d.
5
Let j = -15 - -20. Suppose -a + j = -g - 6, 0 = a + 5*g + 19. What is the greatest common factor of 12 and a?
6
Suppose -6 = -0*g - g. Let u be g*20*2/12. What is the greatest common divisor of u and 60?
20
Let c = 58 - 13. What is the greatest common divisor of c and 30?
15
Let y(i) = 2*i - 6. Suppose -5 + 0 = -k. Let b be y(k). Suppose b*s = 4*h + 24, -26 = -3*s - 4*h - h. Calculate the highest common factor of s and 56.
7
Let c be (3/(-2) + 2)*28. Suppose 4*d - 12 - 44 = 0. Suppose -d = -x - 0*x. What is the greatest common factor of c and x?
14
Let h = 7 + 10. Suppose -h = -l + 7. Let i(d) = -d**2 + 9*d - 6. Let g be i(6). What is the highest common divisor of g and l?
12
Suppose 5*o = 4*i - 26, -2*o - 3*o - 33 = 3*i. Let q = o - -16. Let m be (-1)/(-2) + 85/q. What is the highest common factor of 27 and m?
9
Suppose -48 = 5*v + 2. Let t(c) = c**2 + 10*c + 6. Let s be t(v). What is the highest common factor of 24 and s?
6
Suppose 0*r + 2*r - 14 = 0. Let m(b) = -54*b - 3. Let u be m(-2). Suppose 0 = -8*g + 3*g + u. Calculate the high